tens digit of 15605719?
1
What is the thousands digit of 998590?
8
What is the units digit of 526621?
1
What is the ten millions digit of 30761467?
3
What is the units digit of 697979?
9
What is the hundreds digit of 19692915?
9
What is the units digit of 47952?
2
What is the hundreds digit of 700355?
3
What is the hundreds digit of 707097?
0
What is the thousands digit of 166749?
6
What is the thousands digit of 95991?
5
What is the tens digit of 121508?
0
What is the hundreds digit of 1913571?
5
What is the hundred thousands digit of 11883797?
8
What is the millions digit of 3120085?
3
What is the hundred thousands digit of 279776?
2
What is the units digit of 537046?
6
What is the tens digit of 264391?
9
What is the millions digit of 2146684?
2
What is the tens digit of 308005?
0
What is the hundreds digit of 7285375?
3
What is the units digit of 267561?
1
What is the ten thousands digit of 4328079?
2
What is the hundreds digit of 196542?
5
What is the ten thousands digit of 3336150?
3
What is the hundred thousands digit of 2208160?
2
What is the ten thousands digit of 2480778?
8
What is the ten thousands digit of 2236468?
3
What is the tens digit of 2029807?
0
What is the ten thousands digit of 313551?
1
What is the ten thousands digit of 655021?
5
What is the units digit of 410761?
1
What is the thousands digit of 812048?
2
What is the thousands digit of 55263?
5
What is the hundreds digit of 588929?
9
What is the ten thousands digit of 192588?
9
What is the ten millions digit of 10705007?
1
What is the millions digit of 1248254?
1
What is the ten thousands digit of 28796?
2
What is the units digit of 3220682?
2
What is the hundreds digit of 12689494?
4
What is the hundred thousands digit of 1442728?
4
What is the units digit of 453902?
2
What is the tens digit of 19250504?
0
What is the ten thousands digit of 290725?
9
What is the hundreds digit of 705839?
8
What is the units digit of 7562045?
5
What is the hundreds digit of 23146703?
7
What is the thousands digit of 30526?
0
What is the hundred thousands digit of 2537684?
5
What is the thousands digit of 117639?
7
What is the hundred thousands digit of 2678549?
6
What is the tens digit of 2237868?
6
What is the units digit of 60050?
0
What is the tens digit of 220974?
7
What is the units digit of 1940724?
4
What is the tens digit of 1055904?
0
What is the units digit of 149105?
5
What is the millions digit of 1401412?
1
What is the tens digit of 9890557?
5
What is the millions digit of 3683241?
3
What is the thousands digit of 5167233?
7
What is the hundreds digit of 176485?
4
What is the ten thousands digit of 12666220?
6
What is the millions digit of 3204928?
3
What is the hundreds digit of 3402703?
7
What is the millions digit of 19205325?
9
What is the units digit of 4189729?
9
What is the hundreds digit of 282816?
8
What is the tens digit of 453716?
1
What is the tens digit of 7848124?
2
What is the ten thousands digit of 5731265?
3
What is the hundred thousands digit of 188536?
1
What is the tens digit of 10544494?
9
What is the hundreds digit of 578496?
4
What is the hundred thousands digit of 983067?
9
What is the hundreds digit of 1576631?
6
What is the units digit of 1612691?
1
What is the hundred thousands digit of 3722585?
7
What is the hundred thousands digit of 1627919?
6
What is the ten thousands digit of 1811186?
1
What is the thousands digit of 136446?
6
What is the hundreds digit of 36553?
5
What is the hundred thousands digit of 13322573?
3
What is the ten millions digit of 16454057?
1
What is the hundred thousands digit of 792388?
7
What is the units digit of 583272?
2
What is the hundreds digit of 164072?
0
What is the millions digit of 1223207?
1
What is the thousands digit of 452215?
2
What is the thousands digit of 38700857?
0
What is the tens digit of 2720144?
4
What is the thousands digit of 28420932?
0
What is the ten thousands digit of 736189?
3
What is the hundred thousands digit of 34960397?
9
What is the hundred thousands digit of 368402?
3
What is the millions digit of 7551991?
7
What is the units digit of 29978669?
9
What is the hundreds digit of 13941291?
2
What is the millions digit of 12564429?
2
What is the ten thousands digit of 7936802?
3
What is the units digit of 155042?
2
What is the ten thousands digit of 650447?
5
What is the units digit of 632739?
9
What is the thousands digit of 83441?
3
What is the hundred thousands digit of 448281?
4
What is the ten thousands digit of 7268785?
6
What is the millions digit of 14431628?
4
What is the hundred thousands digit of 27117775?
1
What is the millions digit of 19078865?
9
What is the millions digit of 6532415?
6
What is the hundreds digit of 259508?
5
What is the ten thousands digit of 4921225?
2
What is the tens digit of 4838542?
4
What is the millions digit of 6240026?
6
What is the units digit of 89327?
7
What is the ten thousands digit of 1396862?
9
What is the ten thousands digit of 259882?
5
What is the hundreds digit of 31531?
5
What is the millions digit of 23486215?
3
What is the hundred thousands digit of 984895?
9
What is the hundreds digit of 2123277?
2
What is the hundreds digit of 167484?
4
What is the thousands digit of 266533?
6
What is the tens digit of 228066?
6
What is the hundred thousands digit of 471663?
4
What is the thousands digit of 91724?
1
What is the tens digit of 2073394?
9
What is the hundreds digit of 9008961?
9
What is the hundreds digit of 570362?
3
What is the tens digit of 6352122?
2
What is the ten thousands digit of 10809881?
0
What is the hundred thousands digit of 6115054?
1
What is the units digit of 331246?
6
What is the millions digit of 1614592?
1
What is the millions digit of 3244581?
3
What is the tens digit of 178073?
7
What is the millions digit of 31380120?
1
What is the tens digit of 3037343?
4
What is the hundreds digit of 1055222?
2
What is the hundreds digit of 2540094?
0
What is the ten thousands digit of 163600?
6
What is the hundred thousands digit of 363546?
3
What is the ten thousands digit of 3653783?
5
What is the tens digit of 1074586?
8
What is the tens digit of 3180244?
4
What is the hundred thousands digit of 263820?
2
What is the thousands digit of 4670235?
0
What is the hundred thousands digit of 961299?
9
What is the units digit of 200197?
7
What is the ten millions digit of 12549828?
1
What is the hundreds digit of 336811?
8
What is the hundreds digit of 508563?
5
What is the ten thousands digit of 7425096?
2
What is the thousands digit of 102827?
2
What is the units digit of 17425414?
4
What is the ten thousands digit of 683681?
8
What is the tens digit of 4698317?
1
What is the ten thousands digit of 234154?
3
What is the units digit of 51768?
8
What is the ten thousands digit of 198351?
9
What is the hundred thousands digit of 239301?
2
What is the thousands digit of 2637836?
7
What is the hundreds digit of 981945?
9
What is the hundred thousands digit of 1265026?
2
What is the thousands digit of 75406?
5
What is the ten thousands digit of 3230338?
3
What is the millions digit of 2611602?
2
What is the hundred thousands digit of 2068419?
0
What is the hundreds digit of 230095?
0
What is the units digit of 292540?
0
What is the tens digit of 172627?
2
What is the hundreds digit of 757238?
2
What is the thousands digit of 535001?
5
What is the units digit of 1778139?
9
What is the millions digit of 1539648?
1
What is the tens digit of 937271?
7
What is the ten thousands digit of 1657412?
5
What is the thousands digit of 3250742?
0
What is the hundreds digit of 114288?
2
What is the tens digit of 1157732?
3
What is the thousands digit of 35658?
5
What is the hundreds digit of 113214?
2
What is the hundreds digit of 998090?
0
What is the ten thousands digit of 775935?
7
What is the millions digit of 21733533?
1
What is the units digit of 6561287?
7
What is the ten thousands digit of 605926?
0
What is the hundred thousands digit of 194793?
1
What is the hundred thousands digit of 319683?
3
What is the units digit of 87517?
7
What is the tens digit of 306259?
5
What is the hundreds digit of 15362735?
7
What is the tens digit of 5062341?
4
What is the millions digit of 2165468?
2
What is the ten thousands digit of 366816?
6
What is 